 the prime factors of 2412734174?
2, 1206367087
List the prime factors of 611687334.
2, 3, 101947889
What are the prime factors of 1569186016?
2, 181, 270923
List the prime factors of 589111270.
2, 5, 11, 193, 27749
What are the prime factors of 265503491?
11, 24136681
What are the prime factors of 54600032?
2, 1706251
What are the prime factors of 125840593?
4519, 27847
What are the prime factors of 2177241219?
3, 53, 61, 74827
List the prime factors of 53771443.
11, 4888313
What are the prime factors of 425491289?
89, 409, 11689
List the prime factors of 68667679.
29, 173, 13687
List the prime factors of 1727455634.
2, 113, 7643609
What are the prime factors of 81443391?
3, 23, 67, 79, 223
List the prime factors of 5957052027.
3, 43969, 45161
List the prime factors of 33451057.
33451057
List the prime factors of 2588798367.
3, 101, 641, 1481
What are the prime factors of 5614618814?
2, 7, 277, 1447813
List the prime factors of 3132338136.
2, 3, 6007, 21727
What are the prime factors of 1838863239?
3, 31, 61, 324143
What are the prime factors of 149509133?
149, 1003417
What are the prime factors of 159391879?
159391879
List the prime factors of 10068153.
3, 3356051
What are the prime factors of 196249107?
3, 229, 285661
What are the prime factors of 20083805?
5, 7, 29, 47, 421
What are the prime factors of 195703233?
3, 11, 5930401
What are the prime factors of 508288863?
3, 101, 1677521
What are the prime factors of 722919943?
11311, 63913
List the prime factors of 42902768.
2, 2681423
What are the prime factors of 409938144?
2, 3, 7, 11, 55457
What are the prime factors of 67079110?
2, 5, 7, 17, 56369
List the prime factors of 433415579.
433415579
List the prime factors of 56096489.
1493, 37573
What are the prime factors of 148518360?
2, 3, 5, 23, 1993
What are the prime factors of 1644751734?
2, 3, 17, 3467, 4651
What are the prime factors of 84975829?
29, 2930201
What are the prime factors of 1134649834?
2, 2111, 268747
What are the prime factors of 235180523?
73, 673, 4787
What are the prime factors of 131604746?
2, 7, 13, 723103
What are the prime factors of 5228549994?
2, 3, 37, 821, 28687
What are the prime factors of 298615086?
2, 3, 7, 11, 37, 647
List the prime factors of 16933004.
2, 11, 384841
What are the prime factors of 75547046?
2, 1697, 22259
What are the prime factors of 460607897?
460607897
List the prime factors of 196115747.
196115747
List the prime factors of 81959756.
2, 1613, 12703
List the prime factors of 218756143.
229, 955267
What are the prime factors of 1167825915?
3, 5, 25951687
What are the prime factors of 354545204?
2, 13, 41, 166297
What are the prime factors of 147454467?
3, 2699, 18211
What are the prime factors of 80219915?
5, 83, 193301
List the prime factors of 4216251302.
2, 23, 1427, 64231
List the prime factors of 23029860.
2, 3, 5, 7, 54833
What are the prime factors of 300823633?
11, 27347603
List the prime factors of 1247307224.
2, 157, 993079
What are the prime factors of 3302184142?
2, 17, 337, 288199
List the prime factors of 68156396.
2, 7, 11, 20117
What are the prime factors of 670579854?
2, 3, 7, 15966187
List the prime factors of 62147981.
7, 8878283
List the prime factors of 250062166.
2, 191, 654613
List the prime factors of 129635253.
3, 11, 167, 7841
List the prime factors of 512236240.
2, 5, 6402953
What are the prime factors of 2573026558?
2, 307, 509, 8233
List the prime factors of 7798642.
2, 3899321
List the prime factors of 837913133.
47, 17827939
List the prime factors of 73751514.
2, 3, 53, 231923
What are the prime factors of 34864992?
2, 3, 13451
What are the prime factors of 635660856?
2, 3, 659, 13397
List the prime factors of 4787627736.
2, 3, 937, 212897
List the prime factors of 530769597.
3, 17, 23, 43, 619
List the prime factors of 30099574.
2, 31, 37, 13121
What are the prime factors of 120874941?
3, 11, 19, 179, 359
What are the prime factors of 79086582?
2, 3, 4393699
What are the prime factors of 3142004215?
5, 7, 131, 223, 439
What are the prime factors of 44196077?
44196077
What are the prime factors of 789294873?
3, 5443, 48337
List the prime factors of 185312540.
2, 5, 7, 47, 28163
List the prime factors of 1606836143.
11, 23, 67, 94793
List the prime factors of 372847664.
2, 7, 23, 29, 31
What are the prime factors of 89134539?
3, 13, 257, 8893
What are the prime factors of 75225697?
17, 73, 60617
List the prime factors of 6663194.
2, 43, 77479
What are the prime factors of 461572509?
3, 153857503
List the prime factors of 2605926874.
2, 19, 109, 33113
List the prime factors of 74975247.
3, 661, 4201
List the prime factors of 767266913.
7, 23, 4765633
What are the prime factors of 3650135441?
6761, 539881
What are the prime factors of 38795354?
2, 13, 1163, 1283
List the prime factors of 80043610.
2, 5, 401, 19961
What are the prime factors of 1902688998?
2, 3, 7, 45302119
What are the prime factors of 2496784299?
3, 31, 26847143
List the prime factors of 333129298.
2, 83, 643, 3121
List the prime factors of 67913141.
73, 89, 10453
List the prime factors of 1031642977.
17, 1709, 35509
What are the prime factors of 1006581194?
2, 53, 1973, 4813
What are the prime factors of 45880083?
3, 5097787
What are the prime factors of 314555375?
5, 181, 13903
What are the prime factors of 761394959?
13, 761, 76963
List the prime factors of 439854509.
439854509
What are the prime factors of 9261892?
2, 19, 121867
What are the prime factors of 832554780?
2, 3, 5, 73, 131, 1451
List the prime factors of 227221111.
13, 17478547
What are the prime factors of 53838469?
23, 2340803
List the prime factors of 96770951.
53, 1825867
List the prime factors of 531684659.
11, 3547, 13627
What are the prime factors of 2298051007?
7, 17, 19, 211, 4817
What are the prime factors of 136594481?
197, 693373
What are the prime factors of 2118248506?
2, 11, 71, 113, 1091
List the prime factors of 2790338658.
2, 3, 465056443
List the prime factors of 142502182.
2, 71251091
List the prime factors of 93809074.
2, 46904537
What are the prime factors of 60476719?
60476719
List the prime factors of 21916235.
5, 11, 398477
List the prime factors of 1885581889.
1885581889
List the prime factors of 489920806.
2, 12911, 18973
What are the prime factors of 19212080?
2, 5, 240151
What are the prime factors of 423172493?
317, 401, 3329
List the prime factors of 1676735486.
2, 389, 2155187
What are the prime factors of 83717476?
2, 139, 150571
List the prime factors of 2279212436.
2, 9551, 59659
List the prime factors of 61531618.
2, 4397, 6997
What are the prime factors of 68779795?
5, 7, 103, 19079
List the prime factors of 4741387963.
13, 211, 1728541
List the prime factors of 56051682.
2, 3, 9341947
What are the prime factors of 635227640?
2, 5, 15880691
What are the prime factors of 2007437579?
7, 499, 574703
What are the prime factors of 717232030?
2, 5, 71723203
What are the prime factors of 1192209617?
1192209617
List the prime factors of 61682342.
2, 30841171
List the prime factors of 214007703.
3, 7, 13, 61, 71, 181
What are the prime factors of 68575071?
3, 443, 51599
List the prime factors of 226852836.
2, 3, 7, 41, 199, 331
What are the prime factors of 29777800?
2, 5, 13, 881
What are the prime factors of 6784024?
2, 13, 37, 41, 43
List the prime factors of 3895482030.
2, 3, 5, 11, 19, 621289
What are the prime factors of 23941200?
2, 3, 5, 71, 281
What are the prime factors of 2318948525?
5, 151, 614291
What are the prime factors of 552066608?
2, 23, 1500181
List the prime factors of 54335573.
19, 37, 77291
List the prime factors of 827831264.
2, 13, 1989979
List the prime factors of 44636273.
11, 59, 68777
What are the prime factors of 69944238?
2, 3, 7, 13, 42701
What are the prime factors of 3139817380?
2, 5, 7, 17, 71, 1093
List the prime factors of 257220967.
257220967
What are the prime factors of 59774576?
2, 3735911
What are the prime factors of 186257804?
2, 47, 990733
What are the prime factors of 72194668?
2, 7, 13, 198337
What are the prime factors of 38294057?
23, 1664959
What are the prime factors of 21283005?
3, 5, 1418867
What are the prime factors of 59863685?
5, 7, 29, 58979
List the prime factors of 773611462.
2, 13, 2729, 10903
What are the prime factors of 927248969